{"id":505,"date":"2019-07-02T05:11:45","date_gmt":"2019-07-02T05:11:45","guid":{"rendered":"https:\/\/spiritcanine.hr\/index.php\/about-us\/"},"modified":"2022-05-06T14:15:38","modified_gmt":"2022-05-06T12:15:38","slug":"about-us","status":"publish","type":"page","link":"https:\/\/spiritcanine.hr\/index.php\/about-us\/","title":{"rendered":"About Us"},"content":{"rendered":"\t\t<div data-elementor-type=\"wp-post\" data-elementor-id=\"505\" class=\"elementor elementor-505\" data-elementor-settings=\"[]\">\n\t\t\t\t\t\t<div class=\"elementor-inner\">\n\t\t\t\t\t\t\t<div class=\"elementor-section-wrap\">\n\t\t\t\t\t\t\t<section class=\"elementor-section elementor-top-section elementor-element elementor-element-6c8dc32 elementor-section-boxed elementor-section-height-default elementor-section-height-default\" data-id=\"6c8dc32\" data-element_type=\"section\">\n\t\t\t\t\t\t<div class=\"elementor-container elementor-column-gap-default\">\n\t\t\t\t\t\t\t<div class=\"elementor-row\">\n\t\t\t\t\t<div class=\"elementor-column elementor-col-100 elementor-top-column elementor-element elementor-element-62d28d8\" data-id=\"62d28d8\" data-element_type=\"column\">\n\t\t\t<div class=\"elementor-column-wrap elementor-element-populated\">\n\t\t\t\t\t\t\t<div class=\"elementor-widget-wrap\">\n\t\t\t\t\t\t<section class=\"elementor-section elementor-inner-section elementor-element elementor-element-8b63730 elementor-section-content-middle elementor-section-boxed elementor-section-height-default elementor-section-height-default\" data-id=\"8b63730\" data-element_type=\"section\">\n\t\t\t\t\t\t<div class=\"elementor-container elementor-column-gap-wider\">\n\t\t\t\t\t\t\t<div class=\"elementor-row\">\n\t\t\t\t\t<div class=\"elementor-column elementor-col-50 elementor-inner-column elementor-element elementor-element-17ddffe\" data-id=\"17ddffe\" data-element_type=\"column\">\n\t\t\t<div class=\"elementor-column-wrap elementor-element-populated\">\n\t\t\t\t\t\t\t<div class=\"elementor-widget-wrap\">\n\t\t\t\t\t\t<div class=\"elementor-element elementor-element-0d8ab2e elementor-widget elementor-widget-heading\" data-id=\"0d8ab2e\" data-element_type=\"widget\" data-widget_type=\"heading.default\">\n\t\t\t\t<div class=\"elementor-widget-container\">\n\t\t\t<h1 class=\"elementor-heading-title elementor-size-default\">Ideja...<\/h1>\t\t<\/div>\n\t\t\t\t<\/div>\n\t\t\t\t<div class=\"elementor-element elementor-element-238ac2c elementor-widget elementor-widget-image\" data-id=\"238ac2c\" data-element_type=\"widget\" data-widget_type=\"image.default\">\n\t\t\t\t<div class=\"elementor-widget-container\">\n\t\t\t\t\t\t\t\t<div class=\"elementor-image\">\n\t\t\t\t\t\t\t\t\t\t\t\t<img width=\"768\" height=\"1024\" src=\"https:\/\/spiritcanine.hr\/wp-content\/uploads\/2022\/05\/IMG_20210415_195433-768x1024.jpg\" class=\"attachment-large size-large\" alt=\"\" loading=\"lazy\" srcset=\"https:\/\/spiritcanine.hr\/wp-content\/uploads\/2022\/05\/IMG_20210415_195433-768x1024.jpg 768w, https:\/\/spiritcanine.hr\/wp-content\/uploads\/2022\/05\/IMG_20210415_195433-225x300.jpg 225w, https:\/\/spiritcanine.hr\/wp-content\/uploads\/2022\/05\/IMG_20210415_195433-1152x1536.jpg 1152w, https:\/\/spiritcanine.hr\/wp-content\/uploads\/2022\/05\/IMG_20210415_195433-1536x2048.jpg 1536w, https:\/\/spiritcanine.hr\/wp-content\/uploads\/2022\/05\/IMG_20210415_195433-scaled.jpg 1920w\" sizes=\"(max-width: 768px) 100vw, 768px\" \/>\t\t\t\t\t\t\t\t\t\t\t\t\t\t<\/div>\n\t\t\t\t\t\t<\/div>\n\t\t\t\t<\/div>\n\t\t\t\t\t\t<\/div>\n\t\t\t\t\t<\/div>\n\t\t<\/div>\n\t\t\t\t<div class=\"elementor-column elementor-col-50 elementor-inner-column elementor-element elementor-element-6e0d97e\" data-id=\"6e0d97e\" data-element_type=\"column\">\n\t\t\t<div class=\"elementor-column-wrap elementor-element-populated\">\n\t\t\t\t\t\t\t<div class=\"elementor-widget-wrap\">\n\t\t\t\t\t\t<div class=\"elementor-element elementor-element-ff00772 elementor-position-top elementor-vertical-align-top elementor-widget elementor-widget-image-box\" data-id=\"ff00772\" data-element_type=\"widget\" data-widget_type=\"image-box.default\">\n\t\t\t\t<div class=\"elementor-widget-container\">\n\t\t\t<div class=\"elementor-image-box-wrapper\"><div class=\"elementor-image-box-content\"><h3 class=\"elementor-image-box-title\">Individualnost pasa je dobro poznata stvar - idemo ju iskoristiti!<\/h3><p class=\"elementor-image-box-description\">Svatko je svijestan da je njegov pas poseban, da je druga\u010diji od drugih i ta se \u010dinjenica ne temelji samo na subjektivnom do\u017eivljaju psa, ve\u0107 i na mnogobrojnim znanstvenim istra\u017eivanjima koja se provode nad kognitivnim sposobnostima pasa. \nUmjesto poku\u0161aja da individualnost ubacimo u kalup, iskoristiti \u0107emo ju na zadovoljsvo vas i va\u0161ih pasa!<\/p><\/div><\/div>\t\t<\/div>\n\t\t\t\t<\/div>\n\t\t\t\t\t\t<\/div>\n\t\t\t\t\t<\/div>\n\t\t<\/div>\n\t\t\t\t\t\t\t\t<\/div>\n\t\t\t\t\t<\/div>\n\t\t<\/section>\n\t\t\t\t\t\t<\/div>\n\t\t\t\t\t<\/div>\n\t\t<\/div>\n\t\t\t\t\t\t\t\t<\/div>\n\t\t\t\t\t<\/div>\n\t\t<\/section>\n\t\t\t\t<section class=\"elementor-section elementor-top-section elementor-element elementor-element-f80bb1f elementor-section-boxed elementor-section-height-default elementor-section-height-default\" data-id=\"f80bb1f\" data-element_type=\"section\">\n\t\t\t\t\t\t<div class=\"elementor-container elementor-column-gap-default\">\n\t\t\t\t\t\t\t<div class=\"elementor-row\">\n\t\t\t\t\t<div class=\"elementor-column elementor-col-100 elementor-top-column elementor-element elementor-element-3233850\" data-id=\"3233850\" data-element_type=\"column\">\n\t\t\t<div class=\"elementor-column-wrap elementor-element-populated\">\n\t\t\t\t\t\t\t<div class=\"elementor-widget-wrap\">\n\t\t\t\t\t\t<section class=\"elementor-section elementor-inner-section elementor-element elementor-element-5d29772 elementor-section-content-middle elementor-section-boxed elementor-section-height-default elementor-section-height-default\" data-id=\"5d29772\" data-element_type=\"section\">\n\t\t\t\t\t\t<div class=\"elementor-container elementor-column-gap-wider\">\n\t\t\t\t\t\t\t<div class=\"elementor-row\">\n\t\t\t\t\t<div class=\"elementor-column elementor-col-50 elementor-inner-column elementor-element elementor-element-9ceb43e\" data-id=\"9ceb43e\" data-element_type=\"column\">\n\t\t\t<div class=\"elementor-column-wrap elementor-element-populated\">\n\t\t\t\t\t\t\t<div class=\"elementor-widget-wrap\">\n\t\t\t\t\t\t<div class=\"elementor-element elementor-element-4e551f1 elementor-widget elementor-widget-heading\" data-id=\"4e551f1\" data-element_type=\"widget\" data-widget_type=\"heading.default\">\n\t\t\t\t<div class=\"elementor-widget-container\">\n\t\t\t<h2 class=\"elementor-heading-title elementor-size-default\">O meni...<\/h2>\t\t<\/div>\n\t\t\t\t<\/div>\n\t\t\t\t\t\t<\/div>\n\t\t\t\t\t<\/div>\n\t\t<\/div>\n\t\t\t\t<div class=\"elementor-column elementor-col-50 elementor-inner-column elementor-element elementor-element-5912778\" data-id=\"5912778\" data-element_type=\"column\">\n\t\t\t<div class=\"elementor-column-wrap elementor-element-populated\">\n\t\t\t\t\t\t\t<div class=\"elementor-widget-wrap\">\n\t\t\t\t\t\t<div class=\"elementor-element elementor-element-1ef0063 elementor-widget elementor-widget-image\" data-id=\"1ef0063\" data-element_type=\"widget\" data-widget_type=\"image.default\">\n\t\t\t\t<div class=\"elementor-widget-container\">\n\t\t\t\t\t\t\t\t<div class=\"elementor-image\">\n\t\t\t\t\t\t\t\t\t\t\t\t<img width=\"1024\" height=\"952\" src=\"https:\/\/spiritcanine.hr\/wp-content\/uploads\/2022\/05\/IMG_20200502_122657-2-1024x952.jpg\" class=\"attachment-large size-large\" alt=\"\" loading=\"lazy\" srcset=\"https:\/\/spiritcanine.hr\/wp-content\/uploads\/2022\/05\/IMG_20200502_122657-2-1024x952.jpg 1024w, https:\/\/spiritcanine.hr\/wp-content\/uploads\/2022\/05\/IMG_20200502_122657-2-300x279.jpg 300w, https:\/\/spiritcanine.hr\/wp-content\/uploads\/2022\/05\/IMG_20200502_122657-2-768x714.jpg 768w, https:\/\/spiritcanine.hr\/wp-content\/uploads\/2022\/05\/IMG_20200502_122657-2-1536x1428.jpg 1536w, https:\/\/spiritcanine.hr\/wp-content\/uploads\/2022\/05\/IMG_20200502_122657-2-2048x1904.jpg 2048w\" sizes=\"(max-width: 1024px) 100vw, 1024px\" \/>\t\t\t\t\t\t\t\t\t\t\t\t\t\t<\/div>\n\t\t\t\t\t\t<\/div>\n\t\t\t\t<\/div>\n\t\t\t\t<div class=\"elementor-element elementor-element-0ef99dc elementor-position-top elementor-vertical-align-top elementor-widget elementor-widget-image-box\" data-id=\"0ef99dc\" data-element_type=\"widget\" data-widget_type=\"image-box.default\">\n\t\t\t\t<div class=\"elementor-widget-container\">\n\t\t\t<div class=\"elementor-image-box-wrapper\"><div class=\"elementor-image-box-content\"><h3 class=\"elementor-image-box-title\">Od ideje do realizacije<\/h3><p class=\"elementor-image-box-description\">Moj temeljni cilj rada jest pomo\u0107i vlasnicima pasa da prepoznaju kvalitete svojih pasa te ih upotrijebe u postizanju zadovoljavaju\u0107ih rezultata sa svojim ljubimcima.\nPritom u radu koristim i klijente u\u010dim pozitivnim metodama u izgradnji kvalitetnog odnosa, prilago\u0111enog njihovim specifi\u010dnim problemima, potrebama ili \u017eeljama. \nVi\u0161egodi\u0161njom osobnom obukom i usavr\u0161avanjem te u radu s ljudima i njihovim vi\u0161e ili manje problemati\u010dnim ljubimcima razvila sam zasebnu metodu rada kombiniranjem vi\u0161e elemenata poput socijalizacije, osnova poslu\u0161nosti, u\u010denja trikova i u\u010denja osnova sportskih disciplina u jedinstvenu cjelinu formiranja \u017eeljenog pona\u0161anja psa.\n\u010cvrsto vjerujem da jedino razumijevanjem i prihva\u0107anjem karatktera na\u0161ih ljubimaca mo\u017eemo uz prilago\u0111en rad utjecati i na njihovo pona\u0161anje, odgoj, poslu\u0161nost i mogu\u0107nost socijalizacije.\nKao trener pasa s iskustvom u radu i s odraslima i s djecom te njihovim ljubimcima, metodu rada prilago\u0111avam promatraju\u0107i dinamiku njihova odnosa, pojedina\u010dne karaktere i pona\u0161anja.\n<\/p><\/div><\/div>\t\t<\/div>\n\t\t\t\t<\/div>\n\t\t\t\t\t\t<\/div>\n\t\t\t\t\t<\/div>\n\t\t<\/div>\n\t\t\t\t\t\t\t\t<\/div>\n\t\t\t\t\t<\/div>\n\t\t<\/section>\n\t\t\t\t\t\t<\/div>\n\t\t\t\t\t<\/div>\n\t\t<\/div>\n\t\t\t\t\t\t\t\t<\/div>\n\t\t\t\t\t<\/div>\n\t\t<\/section>\n\t\t\t\t\t\t<\/div>\n\t\t\t\t\t\t<\/div>\n\t\t\t\t\t<\/div>\n\t\t","protected":false},"excerpt":{"rendered":"<p>Ideja&#8230; Individualnost pasa je dobro poznata stvar &#8211; idemo ju iskoristiti! Svatko je svijestan da je njegov pas poseban, da je druga\u010diji od drugih i ta se \u010dinjenica ne temelji samo na subjektivnom do\u017eivljaju psa, ve\u0107 i na mnogobrojnim znanstvenim istra\u017eivanjima koja se provode nad kognitivnim sposobnostima pasa. Umjesto poku\u0161aja da individualnost ubacimo u kalup, &hellip;<\/p>\n<p class=\"read-more\"> <a class=\"\" href=\"https:\/\/spiritcanine.hr\/index.php\/about-us\/\"> <span class=\"screen-reader-text\">About Us<\/span> Read More &raquo;<\/a><\/p>\n","protected":false},"author":1,"featured_media":0,"parent":0,"menu_order":0,"comment_status":"closed","ping_status":"closed","template":"","meta":[],"_links":{"self":[{"href":"https:\/\/spiritcanine.hr\/index.php\/wp-json\/wp\/v2\/pages\/505"}],"collection":[{"href":"https:\/\/spiritcanine.hr\/index.php\/wp-json\/wp\/v2\/pages"}],"about":[{"href":"https:\/\/spiritcanine.hr\/index.php\/wp-json\/wp\/v2\/types\/page"}],"author":[{"embeddable":true,"href":"https:\/\/spiritcanine.hr\/index.php\/wp-json\/wp\/v2\/users\/1"}],"replies":[{"embeddable":true,"href":"https:\/\/spiritcanine.hr\/index.php\/wp-json\/wp\/v2\/comments?post=505"}],"version-history":[{"count":19,"href":"https:\/\/spiritcanine.hr\/index.php\/wp-json\/wp\/v2\/pages\/505\/revisions"}],"predecessor-version":[{"id":687,"href":"https:\/\/spiritcanine.hr\/index.php\/wp-json\/wp\/v2\/pages\/505\/revisions\/687"}],"wp:attachment":[{"href":"https:\/\/spiritcanine.hr\/index.php\/wp-json\/wp\/v2\/media?parent=505"}],"curies":[{"name":"wp","href":"https:\/\/api.w.org\/{rel}","templated":true}]}}